derivative of 0*i - 5/6*i**3 + 0 + 1/8*i**4 + 6*i**2. What is v(4)?
7
Let c(s) = 2*s - 3 + s + s. Let n be 9*1 - (7 - 7). Suppose -2*d - 3 = r - n, -5*r = 3*d - 16. Determine c(r).
5
Let n(d) = 3*d**2 - 8*d + 16. Let l(o) = -2*o**2 + 5*o - 8. Let y(z) = 5*l(z) + 3*n(z). Determine y(6).
-22
Let d = -14 + 18. Suppose -4*p = -d, -5*q - 3*p = -0*q + 22. Let l(n) be the second derivative of -n**4/12 - 2*n**3/3 - 3*n**2 - 3*n. Calculate l(q).
-11
Let b(i) = 109*i**2 + 3 - 115*i**2 + 0*i**3 - i**3 - 2*i. Determine b(-4).
-21
Let c(h) = h**3 - h**2 + 3. Let d be c(0). Suppose -g + d = 2. Let p(m) = 8*m + 1. Calculate p(g).
9
Let u(w) = -65*w + 0*w**2 + 28*w + 30*w + w**2 - 11. Determine u(8).
-3
Let d(m) = 10*m + 14. Let l(s) = -s - 1. Suppose 5*w = 20 + 40. Let f(r) = w*l(r) + d(r). Determine f(-4).
10
Let i(x) be the second derivative of -x**5/20 - 5*x**4/6 - 2*x**2 - 7*x + 3. Let y(v) = v - 10. Let c be y(0). What is i(c)?
-4
Let f(r) = 48*r - 190*r + 63*r + 4 + r**2 + 61*r. Determine f(17).
-13
Let s(h) = -h - h + 3*h - 11. Suppose -63 - 73 = -4*r. Let o = 39 - r. What is s(o)?
-6
Suppose 4*k = 5*u - 7 - 15, 4*u - 17 = 3*k. Let i(t) = -t - 2. Let r(z) be the first derivative of -z**2/2 - 3*z + 2. Let w(s) = k*i(s) + 2*r(s). Give w(6).
6
Let f(i) = 47*i**2 - 1. Suppose 26*u + 67 = -41*u. Calculate f(u).
46
Let z = -2 - -8. Let g(t) = 9*t - t + z*t**2 - 7*t. Calculate g(1).
7
Let h(f) = f**2 + f + 4. Let x(r) = -r**2 - 21*r - 38. Let p be x(-15). Let y = p + -55. What is h(y)?
10
Let v(q) = 30*q**3 - 2*q**2 - 7*q + 2. Let r(n) be the first derivative of 15*n**4/4 - n**3/3 - 3*n**2/2 + n + 4. Let a(k) = -9*r(k) + 4*v(k). What is a(-1)?
16
Let y(n) = n**2 - 3*n + 2. Let p = 7 - 5. Suppose -i + 80 = 4*i + p*t, 4*i = t + 64. Let s = i + -12. Calculate y(s).
6
Let t(i) be the second derivative of -i**5/10 - i**4/4 - i**3/3 + i**2/2 + 119*i + 1. Give t(-3).
34
Let k(z) be the second derivative of -z**6/360 - z**5/20 + z**3/3 + 2*z. Let s(n) be the second derivative of k(n). Let x be (9/6)/(4*(-6)/80). Give s(x).
5
Let s(m) be the first derivative of 1/6*m**4 - 4/5*m**5 - 1 - 1/6*m**3 + 4*m + 0*m**2. Let g(y) be the first derivative of s(y). What is g(1)?
-15
Let b(u) = -u**2 - 2*u + 3. Let j(o) = o**2 - 4*o + 3. Suppose -3 - 78 = -3*a. Let g = a - 23. Let x be j(g). Calculate b(x).
-12
Let w(d) = -3*d + 12. Let l(y) = 2*y - 1. Let f(p) = l(p) + w(p). Suppose -30 = 4*v - 7*v. What is f(v)?
1
Let f(k) = 5*k**2 + 9*k + 9. Let p(v) = -14*v**2 - 26*v - 25. Let a(s) = -17*f(s) - 6*p(s). Let b be (3 - 2 - -1) + 1. Calculate a(b).
-3
Let i(c) = 8 - 9*c**2 + 36*c**3 - 15*c**3 - 4*c - 20*c**3. What is i(9)?
-28
Let j(v) = -6*v**2 + 5 + v**2 + 4*v + 4*v**2. Suppose 6*c - 63 - 189 = 0. Let m = -36 + c. What is j(m)?
-7
Suppose -34 = 4*p - 0*u + 2*u, p + 36 = 5*u. Let q = p + 10. Let h be (-15)/9*(q + -2). Let t(i) = -i**3 + 5*i**2 + 2*i - 6. Calculate t(h).
4
Suppose -4*f - 1 + 13 = 0. Suppose 0 = t - 5*g - 21, t = f*t - 4*g - 18. Let q(p) = 14*p. Calculate q(t).
14
Let p(r) be the third derivative of r**4/24 - r**2. Suppose 2*k + 11 = t, 4*k = -4*t + 1 + 7. What is p(k)?
-3
Let k = -65 + 60. Let f(v) = -v**2 - 6*v + 1. Give f(k).
6
Let y(o) = 4*o - 5*o + 271 - 265. Give y(11).
-5
Let l be 6/(-9) - 140/(-21). Let p(z) = 4*z - 11*z + l + 5 - 10 - z**2. What is p(-8)?
-7
Let h(o) = -3 + o**2 + 3 - 2*o**2 - 5*o. Let p be h(-4). Suppose p*c + 2 = 2*c. Let i(k) = -9*k + 1. Give i(c).
10
Let q(i) = -13*i + 5. Let k(h) = 11*h - 4. Let c(u) = -7*k(u) - 6*q(u). Calculate c(-3).
-5
Let m(z) = z**2 + z - 8. Suppose 2*o + 4 = 4*o. Let r(t) = -2*t - 1 + 3*t**3 - 4*t**3 + 0*t**2 - 2*t**o + 0. Let y be r(-1). Calculate m(y).
-8
Let x = -7 + 11. Let r(o) = 2*o - o - 5*o + 3*o. Let w(i) = -6*i - 3. Let a(l) = 5*r(l) - w(l). Give a(x).
7
Suppose l + 1 = -3. Let c(b) = -2 + 19*b - 60*b + 22*b + 21*b. Give c(l).
-10
Let w(y) = -4*y. Let c be 510/45*42/(-4). Let k = c - -116. Determine w(k).
12
Suppose 40 + 122 = -18*r. Let u(c) = -c**3 - 9*c**2 - 9. What is u(r)?
-9
Let k(i) = 13*i**2 - 86*i - 33. Let u be k(7). Let p(h) = 2*h**3 - 3*h**2 + 1. Calculate p(u).
5
Let q(k) be the first derivative of -k**2 - 7*k - 1. Suppose -l = -3*p - 6, 3*l + 4 = p - 2. Let y be (-1 + 4 + -1)*p. Give q(y).
5
Let a(w) = -3*w**3 + 12*w**2 - 2*w + 3. Let m(h) = 1 - 5*h + 4*h + 6*h**2 + 22*h**3 - 23*h**3. Let q(c) = -2*a(c) + 5*m(c). Calculate q(-6).
5
Let u(b) = 32*b**3 - 38*b**3 + 2*b**2 - 2 - 3*b**2 + 2*b. Let f be u(1). Let x(v) = -v**2 - 6*v + 4. Calculate x(f).
-3
Let k = 22 + -34. Let a be -4*4/k*3. Suppose -a*y - q = -5*q + 8, -2*y - q = -5. Let v(w) = -w**2 + 1. Determine v(y).
0
Let g(b) = -b**2 + 7*b + 7. Suppose -29*o = -22*o - 49. Calculate g(o).
7
Let i(h) = -3*h**2 - 3*h - 2. Let x(f) = f**2 + 10*f + 12. Let k be x(-9). Suppose d + 10 + 2 = 5*p, k = 4*p - 3*d. Let r be (5 - p) + 1*-4. Determine i(r).
-8
Let i(w) = -6*w**2 - 5*w**2 + 5*w**2 - w**3 + 0*w**2 - 6*w. Suppose -4*b = -3*r + 4, r = 6*r - 5*b. Determine i(r).
-8
Let u = -17 - -12. Let a(s) = 2*s - 1. Let o(j) = -8 + 4 - 1 - 1 - j**2 - 8*j. Let v(d) = -a(d) - o(d). Give v(u).
2
Let j(z) = -z**2 - 5*z - 4. Let i be j(-4). Let v(d) be the first derivative of d**2/2 + 15*d - 46. Calculate v(i).
15
Let d(y) be the first derivative of y**2 - 5*y + 1. Let g = 23 - 17. Let k be g - (26/10 + -3)*-5. Give d(k).
3
Let o(b) = b**3 + 13*b**2 + 10*b - 13. Let x be o(-12). Let h = 13 - x. Let i(a) = -9*a**2 + 4*a - 1 + 3*a**2 + 5*a**h. Give i(5).
-6
Let d(h) = -22*h**3 - 48*h**2 - 13*h + 48. Let y(x) = -5*x**3 - 12*x**2 - 3*x + 12. Let t(g) = 2*d(g) - 9*y(g). Determine t(-12).
-24
Let l(f) = -2*f**2 + f. Suppose -13*a - 42 = 8*a. What is l(a)?
-10
Let u = 72 - 152. Let x be 2/(-10) + u/(-25). Let b(f) be the first derivative of -f**2 + 3*f + 2. What is b(x)?
-3
Let y(x) = -9*x**3 - 4*x**2 - 3. Let t(c) = -2*c**3 + c - 1. Let w(q) = -4*t(q) + y(q). Give w(-3).
4
Let t = -287 + 291. Let x(v) = v**2 - 6*v + 7. What is x(t)?
-1
Let w(c) = -c - 3. Let v be w(-6). Let g = v - 3. Let l(f) be the first derivative of -f**2/2 + 6*f - 2. Determine l(g).
6
Let r(d) = d**2. Let o(q) be the third derivative of 1/12*q**4 + 0*q + 6*q**2 - 1/60*q**5 + 0 - 2/3*q**3. Let l(v) = o(v) + 2*r(v). Determine l(-4).
4
Let c(f) = -f**3 + 16*f**2 - 15*f + 19. Let a be c(15). Let g(o) = -5*o + a*o**2 - 1 - 13*o**2 - 7*o**2. Give g(-4).
3
Let k(b) be the third derivative of -b**7/840 + b**6/180 - b**5/60 - 7*b**3/2 + 47*b**2. Let x(t) be the first derivative of k(t). Calculate x(3).
-15
Suppose -30*j = -162 - 48. Let k(l) = l**2 - 10*l + 3. Give k(j).
-18
Suppose -d - 30 = 5*a - 44, 5*d = 2*a + 16. Let k(c) be the second derivative of 0*c**3 + 0 - 4*c + 0*c**2 - 5/12*c**d. Determine k(1).
-5
Let j = 11 + 10. Let n = 13 - j. Let d(q) = 3*q**2 - 4*q + 2. Let v(h) = h**2 + h. Let u(w) = -d(w) + 4*v(w). Calculate u(n).
-2
Let o(n) be the second derivative of -11*n**6/120 - n**4/24 - 9*n**2/2 - 19*n. Let f(v) be the first derivative of o(v). Give f(-1).
12
Let q = -15 + 21. Let k = 0 + q. Let h(y) be the third derivative of -y**5/60 + 7*y**4/24 - y**3/3 + 70*y**2. Give h(k).
4
Let s(t) be the third derivative of t**4/24 + t**3/6 + 3*t**2. Let w(k) = k + 2. Let m(d) = -4*s(d) + 3*w(d). What is m(8)?
-6
Let h(s) be the second derivative of -s**6/120 - s**5/12 + s**4/12 + 2*s**3/3 + 6*s**2 + 16*s. Let y(q) be the first derivative of h(q). What is y(-4)?
-20
Let k = 37 - 34. Suppose k*b = -10 + 28. Let r(f) = 3*f + 3. Determine r(b).
21
Let f be 3/(-3) - 3/1. Let s(q) be the second derivative of q**4/12 + 2*q**3/3 - 5*q**2/2 - 223*q. What is s(f)?
-5
Let p = -8 + 15. Let s(v) = -1 - v - v**2 - 5*v**3 - v**3 + p*v**3. Let k(q) = 4*q**2 + 2*q. Let o be k(-1). What is s(o)?
1
Suppose 0 = -3*t + 12, 0 = 2*s - 3*t + 7*t - 24. Let w = -87 - -92. Let o(f) = w*f - s*f + 1 + f + 0*f. Calculate o(-3).
-5
Let a be (426/1065)/((-2)/5*-1). Let l(f) = -29*f**2 + f. What is l(a)?
-28
Let g(y) = 1465*y**2 + 7*y - 2*y + 2*y + 13 - 1464*y**2 + 2*y. Calculate g(-2).
-1
Let q(x) = -2*x + 6. Let d(c) = c. Let y(o) = -3*d(o) - q(o). Give y(8).
-14
Let v(i) = -11*i + 75. Suppose -15*c + 3*k = -16*c - 3, k = -3. What is v(c)?
9
Let i(p) = p - 22. Suppose 3*a = -2*j - 34 + 46, j - 16 = a. Determine i(j).
-10